 by z?
26
Let t = 18 - 13. Suppose 0 = -5*l + 4*k + 53, t*k = -3*l + 11 + 43. Suppose 32*b - 31*b - 38 = 0. What is the remainder when b is divided by l?
12
Suppose 0 = -v + 17 + 47. Suppose 4*h - 110 = -5*g, -231*g + 228*g = 2*h - 66. What is the remainder when v is divided by g?
20
Calculate the remainder when 25 is divided by -1 + (-55)/11 + 25*1.
6
Suppose -2*r - 109 = -2*p - 3*r, 0 = 4*p + 4*r - 216. Let n = -29 + 14. Calculate the remainder when p is divided by 192/10 - (-3)/n.
17
Let j be (-2)/(-5) + 231/(-15). Let q be 34/(-6) - 10/j. Let k(i) = i**2 + i + 7. Calculate the remainder when k(q) is divided by 7.
6
Suppose -4*m + 10 = -2*m, v + m - 6 = 0. Let r = 12 - v. Calculate the remainder when 43 is divided by r.
10
Suppose 0 = -2*u + 6 - 0. Suppose -d = h + u, -h + 5*d = 12 + 9. Calculate the remainder when 31 is divided by ((-24)/10)/(h/20).
7
Suppose 3*t - 4*o - 777 = 0, 4*t = 7*t + 2*o - 795. Calculate the remainder when t is divided by 55.
43
What is the remainder when 5 - (1 - (164 - 3)) is divided by 42?
39
Let r(s) = -s**2 - 10*s - 1. Let a(d) = -d**2 - 5*d. Let p be a(-4). Suppose -63 = -p*m + 173. What is the remainder when m is divided by r(-2)?
14
Suppose -n = z - 0 - 2, 5*z - 22 = -2*n. Let y be ((-33)/6)/(3/z). Let h = y - -37. What is the remainder when 75 is divided by h?
23
What is the remainder when (98 - -11)*(-2 + 4) is divided by 57?
47
Suppose -5 = -10*t + 35. Suppose -11 = t*c - 43. Calculate the remainder when 31 is divided by c.
7
Suppose -939 - 5570 = -23*s. What is the remainder when s is divided by 75?
58
Let i(b) = -b**2 + 9*b + 11. Let g = 21 + -18. Suppose -g*x + 2*x + 4 = 0. Calculate the remainder when i(9) is divided by x.
3
Let z be (-3 - 14/(-4))*4. Calculate the remainder when (-4)/2 - z - -81 is divided by 27.
23
Calculate the remainder when 1/((-1386)/696 + 2) is divided by 43.
30
Let v(y) = 5*y**2 + 230*y + 4. Calculate the remainder when 124 is divided by v(-46).
0
Let o(m) = -2*m**3 - 32*m**2 + 33*m + 72. What is the remainder when o(-17) is divided by 10?
9
Suppose -5*w - 3*b - 156 = 0, b - 168 = 5*w - 0*w. Let z be -4 - ((-4)/2 + 2 + -2). Calculate the remainder when w/z*36/27 is divided by 9.
4
Let b = 9 - 5. What is the remainder when ((-164)/8)/(5/(-10)) is divided by (-33)/(-18)*b*3?
19
Let v = -759 + 777. Suppose -2*q = c - 5, -3*q = -3*c - 5 - 25. What is the remainder when v is divided by q?
3
Let a(g) = 4 + g**2 - 5*g + 0 + g**2. Let n be a(3). Let l(s) = 13*s - 1. What is the remainder when l(n) is divided by 23?
21
Let c = 24 + -16. Let a be (-1)/2*(0 - 6 - 2). Suppose -3*w + 2*v + 4 = 0, 2*v + 16 = 2*w + a*v. What is the remainder when c is divided by w?
0
Let o(a) = -a**2 - 11*a + 42. What is the remainder when o(-11) is divided by 18?
6
Suppose 24 + 75 = 3*h. Calculate the remainder when h is divided by 9.
6
Let w(r) = 8*r**2 - 7. Calculate the remainder when w(-3) is divided by 62.
3
Let o(r) = 2*r + 227. What is the remainder when o(-40) is divided by 17?
11
Let c(a) = -a**3 - 5*a**2 - 6*a - 5. Let j(f) = 434*f + 2175. What is the remainder when j(-5) is divided by c(-4)?
2
Let v(s) = -2*s**3 + 36*s**2 - 50*s + 311. Suppose -5*b = -0*t + 2*t - 56, 2*b + 4*t = 32. Calculate the remainder when v(17) is divided by b.
9
Let g(u) = 3*u**2 + 6*u + 1. Suppose 70 = 4*q + 2*s, 0 = q - 0*s - 4*s - 31. Calculate the remainder when g(-6) is divided by q.
16
Calculate the remainder when 176 is divided by (-33)/165 + 231/5.
38
Suppose 0 = -2*w - 0*w. Let t = 2 + w. Suppose 5*x = t*s - 0*x - 81, -2*x = 3*s - 112. Calculate the remainder when s is divided by 13.
12
Let y(h) = 3*h - 20. Let u be y(8). Let w(l) = 39*l + 2 - 5 + u. What is the remainder when w(1) is divided by 14?
12
Suppose -32*a = -27*a - 40. What is the remainder when (((-702)/a)/(-9))/((-1)/(-4)) is divided by 8?
7
Let a = 609 - 550. What is the remainder when a is divided by 21?
17
Let g(t) = -t**2 + 9*t - 10. Let v be g(7). Calculate the remainder when 23 is divided by (1 - 2)*4/(3 - v).
3
Let g = -14 - -28. Let o = 27 - g. Calculate the remainder when o is divided by (-3)/2*28/(-6).
6
Suppose 10*c - 741 = -9*c. Suppose -2*s - 3*k = -26, 2*s - 4*s + 3*k = -26. Let b = s - 3. Calculate the remainder when c is divided by b.
9
Let j(u) = u**2 - 4*u. Let n = -36 - -38. Suppose -n*k + 94 = -k. Calculate the remainder when k is divided by j(8).
30
Let u be (-10)/2*16/10. Calculate the remainder when 98/7*(-10)/(-4) is divided by (u/6)/(-2)*18.
11
Let g be 2 - -12 - (0 - 3). Let x = g + -9. Let h = -4 + x. What is the remainder when 6 is divided by h?
2
Suppose 4*i = -2*a - 28 - 0, 56 = -4*a - i. Let b(m) = 20*m. Let o be b(1). Let p = a + o. What is the remainder when 13 is divided by p?
1
Let f be (-38)/(-4) + 2/(-4). Suppose v - 5*l = 2*v - f, 3*v - 27 = -l. What is the remainder when 26 is divided by v?
8
Let s(r) = -4*r + 23. Let w(u) = 2*u**2 + 5. What is the remainder when s(-12) is divided by w(4)?
34
Suppose 2*j + g = 27, 15*j - 2*g - 63 = 10*j. Calculate the remainder when 376 is divided by j.
12
Suppose -29 = -5*d + 41. Suppose -2*z - 1 + d = w, -4*z = -3*w + 69. What is the remainder when w is divided by (11/4)/((-1)/(-4))?
8
Suppose 12 = -b - 3*b. What is the remainder when 35 is divided by (b/2)/((-2)/28)?
14
Let c be (2/1)/((-1)/17). Let j = -56 - c. Let m = -6 - j. What is the remainder when 47 is divided by m?
15
Let h = -25 + 46. Calculate the remainder when 78 is divided by h + 1 + -2*1.
18
Suppose 34*c - 1596 = -4*c. What is the remainder when 94 is divided by c?
10
Suppose 354 + 494 = 16*o. Calculate the remainder when o is divided by 27.
26
Calculate the remainder when (525 + 2)*1 + -41 + 37 is divided by 22.
17
Suppose -5*m + 2*b = -446, m + 5*b - 36 - 37 = 0. Calculate the remainder when m is divided by 30.
28
Let g(k) = -k**3 + 2*k**2 + 12*k - 1. What is the remainder when 187 is divided by g(-4)?
46
Let g(z) = 15*z + 1. Let o be g(-2). Let f = 139 + o. Suppose -3*l + 6*l + 4*p - 63 = 0, -5*p + f = 5*l. Calculate the remainder when 97 is divided by l.
22
Let g(o) = o**3 + 11*o**2 + 12*o - 20. Calculate the remainder when g(-9) is divided by 7.
6
Suppose 256 = 40*k - 37*k - 2*h, 5*k - 432 = -2*h. What is the remainder when 336 is divided by k?
78
Let r = 5 - -5. Let l = 823 - 784. Calculate the remainder when l is divided by r.
9
Suppose -4*n + 23 - 99 = -2*a, -4*a + 2*n = -176. Let i = -36 + a. What is the remainder when 79 is divided by i?
9
Let r = -23 + 29. Suppose 55 = 4*b + 19. Calculate the remainder when b is divided by ((-3)/r)/((-5)/30).
0
Suppose 11*r = 32 + 254. Calculate the remainder when 309 is divided by r.
23
Suppose 62*w - 58*w = 24. Suppose -l = w*l - 14. Calculate the remainder when 5 is divided by l.
1
Suppose 3*i + 82 = 271. Calculate the remainder when 943 is divided by i.
61
Suppose -31*f = -29*f - 58. Suppose 20 = -5*g, 3*n + 4*g - 45 = f. Calculate the remainder when 57 is divided by n.
27
Let u(j) = j**3 - 10*j**2 + 4*j - 13. Let l be u(9). Let m = 124 + l. Suppose -26 + m = 4*w. Calculate the remainder when 27 is divided by w.
7
Let m = -20 + 30. Let u(x) = -3 - 7*x**2 + 17*x**2 - 11*x**2 - m*x. What is the remainder when 8 is divided by u(-9)?
2
Let w(g) = 27*g**2 + 4*g + 3. Suppose 18*h + 24 = 26*h. What is the remainder when w(h) is divided by 26?
24
Let w = -105 + 106. Let p(h) = -h**3 - 5*h**2 - h - 1. Let k be p(-5). Suppose -5*f = k - 19. What is the remainder when f is divided by w?
0
Let b = 208 + -156. Calculate the remainder when 153 is divided by b.
49
Calculate the remainder when 93 is divided by ((-6)/(-4))/(-2 - (-5)/2).
0
Suppose -9*g - 125 = -5*g - s, 20 = 4*s. What is the remainder when (g/8)/5 - (-2757)/12 is divided by 46?
45
What is the remainder when 3080/19 + 14/(-133) is divided by 2/(-2)*(-1 - 40)?
39
Let h(a) = 44*a**2 + 2*a - 2. Let r(z) = 2*z + 17. Let f be r(-8). Calculate the remainder when h(f) is divided by 15.
14
Suppose -14*q - 354 = -16*q. Suppose -5*o + 363 = -2*s - q, 4*s - 460 = -4*o. Calculate the remainder when o is divided by 28.
26
What is the remainder when 144 is divided by (-87)/(-29)*2/((-2)/(-7))?
18
Suppose i = 2, -5*i - 170 = 55*p - 60*p. What is the remainder when p is divided by 11?
3
Suppose -71*a + 4125 = -16*a. What is 